, 0 = 3*p - 0*l + l - 5. Let q(v) = v**2 + v - 6. Calculate q(p).
-6
Let y(l) = l**2 + l + 1. Let v(t) = -5*t**2 - 11*t - 6. Let r = 6 + -5. Let z(w) = r*v(w) + 6*y(w). What is z(5)?
0
Suppose -5*d + 7*d + 4 = 0. Let c(y) = 9*y - 4. Let b(g) = 8*g - 3. Let f(z) = -7*b(z) + 6*c(z). Give f(d).
1
Let t(r) = r**2 - r - 5. Suppose -2*b = -b - 2. Suppose 6 - 14 = -2*o. Suppose 5*c = 3*g + b*c + 3, 3*g - 4 = -o*c. What is t(g)?
-5
Let i(o) = -6*o**2 - o - 1. Let f(a) = -a**3. Let k be f(1). What is i(k)?
-6
Suppose -x - 2*y + 8 = 0, 2*x = 4*y - 5 - 3. Let m(v) = 0*v**3 - v - 2*v**x + 2 + 2*v**3 - v**3. Let g(q) = -8*q - 37. Let p be g(-5). What is m(p)?
8
Let m be 3/(-1)*3/(-9). Let z(r) be the second derivative of -r**7/140 + r**4/24 + r**3/3 + r. Let x(j) be the second derivative of z(j). What is x(m)?
-5
Let c be (-2 + 7)/(2 - 1). Let s(l) = -l + 10. Let j be s(8). Let k(b) = 4*b**2 + 1 - 3*b**j + 5*b - 2*b**2. What is k(c)?
1
Let y(c) = -c**3 + 7*c**2 - 5*c + 3. Let i(v) be the second derivative of v**3/6 + v**2/2 + 2*v. Let w(b) = 3*i(b) + y(b). Give w(7).
-8
Let f(w) = w - 5. Suppose 5*c + 4*a = -8, -2*c = 9*a - 4*a - 7. Determine f(c).
-9
Let w(k) = -108 + 53 + 54 - 3*k. Calculate w(-1).
2
Let h(t) = 2*t**2 - 15 - 8 + 36 + 4*t - 9. Determine h(-3).
10
Suppose -5 = k - 6*k, 0 = 4*r - 2*k + 14. Let p be 4/r*(-21)/(-2). Let x = p - -10. Let q(a) = -a**2 - 4*a - 2. Give q(x).
-2
Let p(t) = -t**3 - 4*t**2 + 2*t - 4. Let o(f) = -f**2. Let r(s) = 3*o(s) - p(s). Suppose -g - 4*w = -5, -3*w = -2*w - 2. Determine r(g).
-8
Let h = -2 - 2. Let n = -1 - h. Let l(b) be the third derivative of b**5/60 - b**4/8 - b**2. What is l(n)?
0
Let r(t) be the third derivative of t**6/120 + t**5/10 + t**4/6 - t**3/2 - 21*t**2. Give r(-5).
2
Let l(g) = 7*g + 3 + 7*g**2 + 38*g**3 - 37*g**3 + g**2. Give l(-7).
3
Let u(a) = 4*a**3 - 5*a**3 + 5*a**3 - 5*a**3 + a + 2. Give u(-2).
8
Let d(q) = -q + 6. Let s be d(3). Let n be ((3 + -3)/2)/(-2). Suppose s*t + t = n. Let f(b) = -b**3 - b**2 - 1. Determine f(t).
-1
Let y(r) = -r + 1. Let d(s) = -7*s + 7. Let i(t) = d(t) - 6*y(t). Determine i(0).
1
Let b = -23 + 29. Let a(s) = -11*s + b*s + s + 1 + 2. Calculate a(4).
-13
Suppose 0 = 7*j - 3*j - 24. Let o(a) = -a**2 + 3*a - 1. What is o(j)?
-19
Suppose -5*z = -2*k - 7 + 26, 2*k - 2*z - 4 = 0. Let m be 2/(1*(-3)/k). Let b(h) = 2*h**2 - h - h**m + 2*h - 3. Give b(-3).
3
Let m(y) = -2*y**3 - 25*y**2 - 7*y + 29. Let p(w) = -w**3 - 12*w**2 - 3*w + 14. Let v(j) = 3*m(j) - 7*p(j). What is v(-9)?
-11
Let t be (-4 + 3 - -2) + -2. Let r(s) = 2*s**2 + s + 2. Let b(k) = k**2 + 1 + 2*k**3 - 3*k**3 + 0*k**2. Let m(o) = t*b(o) + r(o). Give m(-2).
-5
Suppose -3*n = -0*j + 5*j - 10, -22 = 2*j - 4*n. Let s = j - -5. Let t(a) = -4 - s*a + 2 - 2. What is t(-3)?
8
Let k(z) = -3*z - 3. Let h(x) = 5*x + 5. Let j(c) = 4*h(c) + 7*k(c). Determine j(-2).
1
Let i be 3 + -6 + (-2 - -14). Let s(h) = -h**2 + 10*h - 4. Give s(i).
5
Let g(c) be the second derivative of -c**4/12 + 7*c**3/6 - 2*c**2 - 2*c. Let h be 57/21 - (-2)/7. Suppose h*w = 2*w + 5. What is g(w)?
6
Suppose 2*t + 0 = 2. Suppose -5*j + t = -4*j. Let m(w) = 2*w - 2 - j - w. Calculate m(-5).
-8
Let o(l) = l**3 - 2*l**2 - 2*l. Let h be 1 - -2 - (5 - 2). Suppose 2*j + j - 9 = h. Determine o(j).
3
Let o = -11 + 20. Suppose -2*w = o - 5. Let a(v) = -v**3 - v**2 - 2. Calculate a(w).
2
Suppose c - 3 + 4 = 0. Let x(h) = 3*h**3 - h**2. Determine x(c).
-4
Suppose -28 = -12*r + 8*r. Let h(d) = d**3 - 7*d**2 - d. Give h(r).
-7
Let d(m) = -5 + 12 - 32*m + 31*m. What is d(3)?
4
Suppose 5*r - 1 + 6 = 0. Let j be r/(-2)*(-3 - -3). Suppose 4*f + 2 - 6 = j. Let t(u) = -7*u**3 + u**2 - u + 1. Determine t(f).
-6
Let a(n) = -n**2 - 5*n + 6. Suppose 3*o = 14 - 5. Suppose 8 + 7 = -o*s. Calculate a(s).
6
Let u(c) = -c**3 + 2*c**2 - 2*c - 1. Suppose -2*t + 5*t - 6 = 0. Calculate u(t).
-5
Let m be (3/(-2))/((-2)/12). Suppose -4*r + 4 = -4*k, -3*k - 1 = 4*r - m*r. Let i(t) = 4*t**2 + 2*t - 1. Calculate i(k).
11
Let x(c) = c - 4. Let q(j) = j - 3. Let t be 4/2 - (-8 + 1). Let g be q(t). Let u = g - 4. Calculate x(u).
-2
Let v(k) be the first derivative of k**3/3 - 3*k**2 - 10*k + 7. Let w(b) = -2*b**2 + 11*b + 19. Let s(l) = -11*v(l) - 6*w(l). What is s(-3)?
5
Let y(g) = 0*g**2 - g + 2*g**3 - g**3 + 6 + g**2. Let z(x) = x**2 + 18*x - 115. Let p be z(-23). Give y(p).
6
Suppose -v - 3*v = -4. Let b(z) = 0*z - 4 + z + z**2 + 5 + v. Give b(-3).
8
Let n = 1 - -2. Let s(w) = -n*w + 4 + 0*w + 5*w. Let f(y) = -5*y**2 + 1. Let k be f(1). Give s(k).
-4
Let n(h) = -5*h**2 + h**3 + 6*h**2 - 2 - h - 2*h**2 - 5*h**2. Give n(6).
-8
Let h(t) = t**3 - t**2 + t. Suppose 0 = 4*g + 4*o + 8, 2*g - g - 3*o - 2 = 0. Let v = g - -2. Determine h(v).
1
Suppose 5*i - 6 = 2*i. Suppose -i*j - 12 = 2*j. Let t(x) = -1 + 0*x - 2 + 2*x. Give t(j).
-9
Let o(a) = -2*a**3 + 2*a**2 - 5*a - 2. Let h(r) = r**3 - 3*r**2 + 5*r + 2. Let s(u) = 3*h(u) + 2*o(u). Calculate s(-6).
8
Let x(r) = r**3 - 5 - 6*r - 2 + 0 - 5*r**2. Give x(6).
-7
Let b be 2*-10*(-4)/10. Suppose -5*h - 2*j = -b*h - 8, 3*h + 2 = -4*j. Let y(a) = 2*a - 2. Let w(k) = k**2 + k - 1. Let m(n) = h*y(n) + 4*w(n). Calculate m(1).
4
Let j be 1*(0 - -1)*0. Suppose 3*c + 3*i - 9 - 24 = j, 5*i = 25. Let l(q) = q**3 - 5*q**2 - 5*q + 2. Determine l(c).
8
Let z = 0 - -2. Let b be z + -4 + 0 + 2. Let v(t) = t. Let a(q) = 3*q + 7. Let k(r) = a(r) - 4*v(r). What is k(b)?
7
Let n(k) = -k**3 - 8*k**2 + 9*k + 5. Let w be n(-9). Let x(s) = -s**3 + 6*s**2 - 4*s + 7. What is x(w)?
12
Let d(f) = -f**2 + 5*f - 1. Let i(y) = 2*y**2 - 6*y + 1. Let l(u) = -3*d(u) - 2*i(u). Suppose k - 3 = -7. Calculate l(k).
-3
Let t(y) be the third derivative of -y**5/60 - 5*y**4/12 - y**3 + 33*y**2. Give t(-5).
19
Let m(q) = q**2 - 6*q**2 + 2*q**2 - q**3 - 1. Suppose 1 = n - 0*t - 2*t, t + 11 = -n. Let w = -10 - n. Calculate m(w).
-1
Let j(y) = 3*y**3 + 3*y**2 - 7*y - 7. Let l = 3 - 1. Let o(s) = 2*s**3 + s**2 - 3*s - 3. Let t(r) = l*j(r) - 5*o(r). Determine t(-1).
5
Let s(b) = -3*b - 2. Let w be (-2 + 0)/((-2)/(-3)). Give s(w).
7
Let y(h) = -h**2 - h - 1. Let i(a) = -a**3 + 9*a**2 - 8*a. Let p be i(8). Determine y(p).
-1
Let m(q) = 2*q**2 - 10 + 6*q + 3*q**2 - 4*q**2. Let i be m(-7). Let s(y) = y + 4. What is s(i)?
1
Let a(n) be the third derivative of -n**5/60 - 3*n**4/8 - n**3 - 14*n**2. Determine a(-6).
12
Let q be 6 - (0 - 0)/(-3). Suppose -k - q = r, 4*r + 10 = 2*k + 4. Let o(l) = 2*l + 3. Calculate o(k).
-3
Let r(p) = 1 - p**3 - 6 + 41*p - 45*p + 6*p**2. Calculate r(4).
11
Suppose -2*s = 2*y - 24, 3*s - 43 = -4*y - 4. Let a(g) = g**3 - 10*g**2 + 8*g + 9. Determine a(s).
0
Let j(z) = 68 - 67 + 0*z**2 - 2*z**2 + 4*z. Calculate j(3).
-5
Suppose -4*a = -3*a - 3. Let r(b) = b**3 + 0*b**3 - 5*b + 0*b**2 + 4*b**2 + 2 - a. Calculate r(-5).
-1
Let b(t) = -t + 3. Let h(i) = -i - 6. Let o be h(-3). Determine b(o).
6
Let q(f) = -37*f**2 + 107*f**2 - 1 - 40*f**2 + 21*f**3 - 31*f**2 + 2*f. Give q(1).
21
Let o(l) = -l + 5. Let s(i) = -i + 5. Let b(u) = 5*o(u) - 4*s(u). Suppose 0 = 4*x + 2*m + 4, -3*x + 0*m - 4 = 2*m. What is b(x)?
5
Let p(i) = -i**3 - i - 4. Suppose 0 = 5*g - 3*k - 26, 2*g - k = 3*k + 16. Let y be (3/g)/((-3)/12). Let c = -3 - y. What is p(c)?
-4
Let z(y) = 7*y**2 - 6. Let k(l) = -l**2 - l. Let w(p) = 6*k(p) + z(p). Determine w(5).
-11
Let g(n) = 0 + 3 + 0 + n. Let d be (0/(1 - 2))/1. Suppose -5*q + 20 = -d. Give g(q).
7
Let x be (-30)/8 + (-9)/36. Let d(t) = -t**2 + t. Let c(k) = 3*k**2 - 9*k. Let v(w) = c(w) + 4*d(w). Calculate v(x).
4
Let u be (-26)/(-169) - 24/(-13). Let r(j) be the second derivative of -3/2*j**u + 0 + j - 1/6*j**3. Determine r(3).
-6
Let h = 33 + -32. Let p(r) = 3*r**2 + r. Give p(h).
4
Suppose 0 = -2*k + 2*v - v, v - 2 = 0. Let m(p) = 2. Let u(b) = -b - 1. Let n(a) = k*m(a) + 3*u(a). Let w(l) = -2*l**2 - 10*l + 3. Let y be w(-5). Give n(y).
-10
Let b(o) = -o**3 + 4*o**2 + 5*o + 1. Suppose 5*m = 4 + 21. Calculate b(m).
1
Let v(l) be the first derivative of l**4/24 - l**3/3 - l**2/2 - 1. Let w(m) be the second derivative of v(m). Let o = -7 + 3. Calculate w(o).
-6
Let m(i) = 7*i**3 + 11*i**2 + 8*i + 13. Let d(b) = -b**3 - b**2 - b - 1. Let w(o) = 6*d(o) + m(o). What is w(-5)?
-3
Let a(s) = 3*s - 2*s + s**2 - 4*s - 2*s. Determine a(6).
6
Let u(n) = 7*n**2 